115320 = 0. Suppose -16*h + 11248 = -s. What is the hundreds digit of h?
2
Suppose -251*i = -927435 - 1730153. What is the ten thousands digit of i?
1
Let p = 290 - 268. Suppose 2 = p*n - 4266. What is the tens digit of n?
9
Let y = 13504 - -27313. What is the thousands digit of y?
0
Let a = 201 + 400. Suppose -2*x = -3*o + 747, 287*x + 367 = 286*x - 5*o. Let k = x + a. What is the units digit of k?
9
Suppose 0 = y - 10*y. Let z(o) = o + 68. What is the units digit of z(y)?
8
Let n(t) = 15*t - 120. Let f be n(8). Let w(z) = z + 544. What is the hundreds digit of w(f)?
5
Suppose m - 50 - 51 = g, -3*m + 304 = -2*g. Suppose 0 = 16*f - 17*f + m. What is the tens digit of f?
0
Suppose -5*u - 31 = 11*r - 9*r, -5*r + 38 = -4*u. What is the hundreds digit of (u - 1108/(-12))*6?
5
What is the ten thousands digit of (0 + 4 - -13261) + -2?
1
Let g(k) = -k**3 + 9*k**2 - 7*k. Let q be g(8). Suppose -i = q - 72. Let c = i + -48. What is the units digit of c?
6
Let x = -13617 - -31475. What is the hundreds digit of x?
8
Suppose 3*h = x + 7337, -5*h - 4*x = -5576 - 6641. What is the tens digit of h?
4
Let o(a) = -a**3 + 7*a**2 - 8*a + 14. Let f be o(6). Suppose 4*w - 2*n + 0*n = 274, f*w = 5*n + 141. Let j = w + -1. What is the units digit of j?
7
Suppose -8 = 2*w, 5*w - 7632 = 187*o - 189*o. What is the units digit of o?
6
Let y be (105/28)/(((-18)/8)/(-3)). Suppose y*h - 1051 + 146 = 0. What is the units digit of h?
1
Let b be (-1)/(5/60*6). What is the tens digit of 15/b*160/(-24) + 4?
5
Let z(f) be the first derivative of 2*f**3/3 + 6*f**2 - 10*f - 20. Let s be z(-7). Suppose -4*b - 5*c + 30 = -2*b, -s*c = -b + 28. What is the tens digit of b?
2
Let t = -39 + 44. Let l(q) = 3*q - 12. Let m be l(t). Suppose -5*a - m*s + 155 = 2*s, 3*s + 81 = 3*a. What is the tens digit of a?
2
Suppose -62*i = -32*i + 76*i - 91478. What is the units digit of i?
3
Let f(p) = -p. Let q(h) = -3*h + 5. Let a(r) = -4*f(r) + q(r). Let m be a(-5). Suppose m = -5*n + 8*n - 360. What is the hundreds digit of n?
1
Suppose 8*c - 11*c + 1122 = 0. Suppose -2*v - c = -4*n + n, 4*v = -4. Let m = n + -104. What is the units digit of m?
0
Suppose 4*g + d - 2*d = 72, -2*d = 2*g - 36. Let l(i) = -7*i**3 - 99*i**2 - 30*i - 218. Let b be l(-14). What is the tens digit of g/(-27) + 874/b?
4
Suppose 0 = 7*j - 13*j + 30. Suppose 6*d = 4*d + v + 9, -3*d + 20 = j*v. Suppose -p = 3*a - 0*a - 604, -5*p = -d*a + 1040. What is the tens digit of a?
0
Let u(o) = 19*o**2 - 11*o. Suppose 2*y - m - 8 = 0, 6*y = 4*y - 4*m + 28. What is the units digit of u(y)?
8
Let u be -2 + 2 + 2 - (5 + -1). What is the tens digit of (-27)/18 - 1513/u?
5
Let c(j) = -j**3 + 97*j**2 - 18*j + 252. What is the thousands digit of c(96)?
7
Let m = -15775 + 24934. What is the thousands digit of m?
9
Let i(c) = 3*c - 4. Let k be i(3). Suppose -k*t - 35 = -5*n, -2*n + 2 = -0*n. What is the tens digit of 2/(-3)*t - -75?
7
Suppose -r + 3 = 0, -10*b + 3729 = -9*b - 2*r. What is the units digit of b?
5
Suppose -4*h = -4*a - h + 23789, 0 = 4*a - h - 23775. What is the thousands digit of a?
5
Let n(u) = 0 + 10*u**2 - 5*u + u**3 - 1 - 2*u**3 + 3. Suppose 5*h - 30 = -0*h. What is the units digit of n(h)?
6
Let l(b) = -8*b - 35. Let r = -2 - -2. Let o be l(r). What is the units digit of (-4 - o/14)/((-3)/58)?
9
Let f(p) = -p**3 - 11*p**2 + 12*p + 10. Let s(m) = -m**3 + 22*m**2 - 23*m + 29. Let u be s(21). What is the tens digit of f(u)?
9
Let f(n) = -n**2 + 2*n + 18. Let i be f(5). Suppose 24 = i*q - 0*q. Suppose -q = -5*s + 37. What is the units digit of s?
9
Let z(a) = -2*a**2 - a**2 - 9*a**2 + 10*a**2 - 6*a + 2. Let y be z(-4). Let b = y - -166. What is the hundreds digit of b?
1
What is the thousands digit of (170563/(-94))/((-2)/4)?
3
Suppose -41*y + 29*y + 1752 = 0. Suppose -3*a = -5*g - 63 - 79, -4*a - 2*g + y = 0. Suppose 12*i - a = 11*i. What is the units digit of i?
9
Suppose -5*i + 3*b - 665 = 0, 6*i + 539 = 2*i + b. Let g = 427 + i. What is the tens digit of g?
9
Suppose 6*d - 11*d = 5*u + 5, 0 = 2*d + 4*u + 8. Suppose 2*m = 3*j + 680, -d*j = 3*m - 832 - 201. What is the units digit of m?
3
Let t = 67 + -64. Suppose t*n + k - 1486 = 0, -k - 2472 = -5*n + 2*k. Suppose 0 = 6*q - q - n. What is the units digit of q?
9
Suppose -74*u - 28*u + 415881 = -3694413. What is the ten thousands digit of u?
4
Let a(j) = -399*j + 240. Let h(d) = 2*d + 69 - 27*d - 54. Let n(s) = 2*a(s) - 33*h(s). What is the units digit of n(4)?
3
Suppose -y + 4511 = 2*p - 5961, 2*y = 3*p - 15722. What is the units digit of p?
8
Suppose 2*s - j - 3*j = 4104, -4*s - 2*j + 8228 = 0. Suppose 26*w - 22*w = s. What is the units digit of w?
4
Let w(c) = 62*c + 53. Let m(g) = -315*g - 264. Let h(s) = -2*m(s) - 11*w(s). What is the tens digit of h(-5)?
0
Let n = 79 + -60. Suppose w - 25 + n = 0. What is the units digit of (w - 1)*186/6?
5
Let g(o) = 27 - 113*o - 53 - 8 + 22*o. What is the hundreds digit of g(-3)?
2
Let a = -523 - -527. Let p(i) = 7*i**3 - 7*i**2 - i - 6. What is the units digit of p(a)?
6
Let q(s) be the first derivative of 13/2*s**2 + 10*s + 19. What is the hundreds digit of q(8)?
1
Suppose 499913 = -235*a + 2474148. What is the hundreds digit of a?
4
Suppose 3*c - 15 = 93. Let n = c + -42. What is the units digit of (-6)/4*76/n?
9
Suppose -9 - 6 = -4*o - 3*z, -5 = -5*z. Suppose -4*p + 2*t = -0*t - 2724, 4*p = -o*t + 2704. What is the hundreds digit of p?
6
Suppose 95*z - 939050 - 941665 = 0. What is the tens digit of z?
9
Let h(c) be the first derivative of c**4/4 - 5*c**3/3 - 17*c**2/2 + 16*c - 28. Let f be h(7). Let i(x) = 3*x**2 - 3*x - 2. What is the units digit of i(f)?
8
Let v(j) = j**2 + 5*j - 2. Let k be v(-5). Let y(x) = -3*x + 106 - 252 + 134 + 42*x**2. What is the tens digit of y(k)?
6
Let v = 12030 - 7511. What is the units digit of v?
9
Suppose 6001 = b - 2752. What is the hundreds digit of b?
7
Let f(z) = 4*z - z - 6*z + 41. Let p = 1323 - 1315. What is the tens digit of f(p)?
1
Let k be (-424)/(-12)*6*(-4)/(-16). Suppose -r = -2*y - 175, -5*y + 4*r - 430 = -0*r. Let g = k - y. What is the units digit of g?
3
What is the units digit of 28878 - -42*(-4)/24?
1
Let y be (4 - (-160)/(-25))*(-30)/1. Suppose -6*p = 12 + y. Let s(q) = -4*q - 11. What is the units digit of s(p)?
5
Suppose -31*m = -36467 - 20821. Suppose 4*x + 4*a = m, 12*x + 4*a - 465 = 11*x. What is the units digit of x?
1
Suppose 0 = -2*o + 3*n - 308 + 10800, 4*o = -n + 21026. What is the units digit of o?
5
Let t(g) = -166*g + 499. What is the tens digit of t(-7)?
6
Let y = -55003 + 125434. What is the hundreds digit of y?
4
Suppose 72*u - 10 = 67*u, 196447 = 5*b + u. What is the tens digit of b?
8
Suppose -p - b = -348, 5*p + 9*b = 10*b + 1710. What is the units digit of p?
3
Let m(b) be the first derivative of 41*b**3/3 - 9*b**2/2 + 2*b - 30. What is the thousands digit of m(-6)?
1
What is the hundreds digit of 1 - 2 - (-15000420)/280 - (-1)/14?
5
Suppose 172*v + 12770 = 182*v. Suppose v = b + 5*z, 4*z - 5188 = -4*b - 0*z. What is the thousands digit of b?
1
Let y(i) = 3*i - 18. Let z be y(9). Suppose 0 = 2*v - 2*t - 10, 4*t + z = 1. Suppose -4*l = v*s - 230, 5*l = -2*s + 3*s - 102. What is the units digit of s?
2
Suppose 8*f = 3*f - 10. Let y be (0 - f) + 3*1. What is the units digit of -2 - (-8)/3 - y/(-15)?
1
Suppose -13 = -4*t - p, 5*t - 2*t + 5*p = 14. Suppose 83*w - 63*w = 7360. Suppose w = -t*k + 11*k. What is the tens digit of k?
4
Suppose -5*s + 2297 = -668. What is the units digit of s?
3
What is the thousands digit of -12 + 25/(150/34104)?
5
Suppose 2*o + 3 - 11 = -r, 0 = -3*o + 4*r + 12. Suppose t - o*f - 107 = 0, 0*f - 415 = -4*t + 3*f. What is the hundreds digit of t?
1
Suppose 28*i - 516 = 26*i. Let x = 118 + i. What is the tens digit of x?
7
Let a(m) = 132*m**2 - 23*m + 8. Let l be a(2). What is the hundreds digit of ((-252)/l*-60)/(3/56)?
5
Suppose 4070693 = 240*w + 1158533. What is the units digit of w?
4
Let u = -14 - -22. Let i be (0 - 1)/1 + (-13 - u). Let x = i - -62. What is the units digit of x?
0
Let m(w) = 1197*w**2 + 754*w - 83. What is the units digit of m(-9)?
8
Suppose 12*l - 6*l - 2106 = 0. Suppose -j - 9 + 93 = -d, 0 = -4*j + d + l. What is the tens digit of j?
8
Suppose 0 = 6*g - 9*g - 123. Let v = 589 + g. What is the hundreds digit of